it of i?
5
Let k = -1783 - -4147. What is the thousands digit of k?
2
Let m = -1380 - -2997. What is the hundreds digit of m?
6
Let p(d) = d**3 + 5*d**2 + 5*d + 3. Let k be p(-3). Suppose 3*r + 2*i - k*i = 325, -r = 2*i - 105. Suppose -r = -5*u - 12. What is the units digit of u?
9
Let y(i) = 13*i + 1. Let r be y(1). What is the tens digit of 16555/245 + 6/r?
6
Let q = -845 + 3058. What is the tens digit of q?
1
Suppose 0 = -3*y - 1 - 2. Let l = y - -14. What is the tens digit of l?
1
Let u = 16 + 50. Suppose -4*k + 5*n - 3*n = -u, -63 = -5*k - 4*n. Suppose -k*g = -20*g + 55. What is the tens digit of g?
1
Suppose 0 = 2*p + 1 - 3, -5*n + 3*p = -2912. What is the units digit of n?
3
Suppose 0 = -2*z + 50 + 4. Let m = z - -29. What is the tens digit of m?
5
Let v = 2622 - 1039. What is the units digit of v?
3
Let b(t) = t**2 - 6*t - 2. Let u be b(7). Suppose -2*r - 36 = -u*r. What is the tens digit of r?
1
Suppose 4*b + 2*v = -2*v + 112, -b - 3*v + 38 = 0. Let s = 62 + b. What is the tens digit of s?
8
Let o = 222 + -159. Suppose -9 = -5*q + 11. Suppose q*c - j = o, -11 = -c + 4*j + 1. What is the tens digit of c?
1
Suppose -2*b - 3 = -q, 2 = 4*b - 2. Suppose -i + q*u = 10, -u = -3*i + 2*u - 6. Suppose -5*v + 61 + 99 = i. What is the units digit of v?
2
Suppose 6862 = -4*z + 18194. What is the thousands digit of z?
2
Suppose -6*b + 10 = -b, -5*b = o - 133. What is the tens digit of (-4 + (4 - -1))*o?
2
Let i(z) = z**3 + z**2 + 26. Suppose 2*c = -3*c. What is the units digit of i(c)?
6
Let j(p) = -p**3 + 23*p**2 - 17*p - 21. Let c be j(15). Suppose -5*x = 4*w - c, -9*x = -10*x - w + 305. What is the tens digit of x?
0
Let h(f) = 133*f**2 + f + 8. What is the units digit of h(3)?
8
Suppose 4409 - 52405 = -13*o. What is the hundreds digit of o?
6
Suppose -55 = 2*s - 3*s. What is the tens digit of s?
5
Suppose 4*r + 4 = 8. What is the units digit of r/(-3)*(-4 - 131)?
5
Let v = 13 - 8. Let r(t) = 2*t - 14. Let q be r(v). Let z(b) = -10*b - 4. What is the tens digit of z(q)?
3
Let a(m) = m**2 + 2*m. Let n be a(-3). Suppose -3*v = -0*u - u + 2, n*v + 22 = 5*u. Let q = 23 - v. What is the tens digit of q?
2
What is the tens digit of 2556/27 - 1/(6/10)?
9
Let u(a) be the third derivative of -a**6/120 + 13*a**5/60 + 13*a**4/24 + 4*a**3 + 5*a**2. What is the tens digit of u(14)?
1
Suppose 3*f - 5250 = -5*w, 2*f - 3*w - 4154 = -654. What is the hundreds digit of f?
7
Suppose -5*x = -2*h + 2502, 2500 = -12*h + 14*h - 4*x. What is the thousands digit of h?
1
Suppose -3*x = 3*t - 2214, -t = -5*x - 4*t + 3688. What is the hundreds digit of x?
7
Let r(h) = -h**2 - 4*h + 5. Let v be r(-4). Let j be 1*(0 + -4 - 432/(-4)). Suppose -v*u + j = -u. What is the units digit of u?
6
Let f(a) = 13*a**2 + 3*a - 2. Let l = 34 + -33. What is the tens digit of f(l)?
1
What is the units digit of (-2)/3 + (-13569)/(-9)?
7
What is the thousands digit of (657/(-6) + 2)/((-13)/286)?
2
Suppose -2*h - 38 = -5*p + 22, -2*p + 2*h = -30. Suppose -p = 2*s - 14. Suppose -s*u + 5 = -1. What is the units digit of u?
3
Let k(a) = -120*a + 4. Let m be k(-6). Suppose 11*r + 20 = m. What is the units digit of r?
4
Let y = -726 + 1097. What is the units digit of y?
1
Let r(l) = -l**3 - 2*l**2 + 7*l - 2. Let u = 34 - 19. Suppose 0 = -i - 2*i - u. What is the tens digit of r(i)?
3
Let o(x) = x**3 + 11*x**2 - 14*x - 31. What is the tens digit of o(-10)?
0
Let c = 1448 - -593. What is the tens digit of c?
4
Let v(q) = -4*q + 14. Let x be v(-14). Let r be 6/(-10) + 462/x. Let k = r - -38. What is the tens digit of k?
4
Let d(f) = -f**3 - 9*f**2 + 18*f + 27. Let l be -8 - -7 - ((-2 - -13) + -1). What is the tens digit of d(l)?
7
Let n be (-5 - -2) + 0 + 28. Suppose -6*s + n = -131. Let r = 42 - s. What is the units digit of r?
6
Let v be 224/(-70) + 2/10 - -5. Suppose v*f + 2*q = 4, -2*f = -3*f - 3*q - 4. What is the units digit of f?
5
Let y = -96 - -96. Suppose 43*k - 38*k - 1330 = y. What is the hundreds digit of k?
2
Let q(a) = 8*a - 6. Let f be 51/21 - (-6)/(-14). Let r = 6 - f. What is the units digit of q(r)?
6
Let r be -438*((-15)/(-12))/(10/4). Let n = r + 391. What is the tens digit of n?
7
Suppose 3*q + 2*b - 35 = 0, 0*q = 5*q + 5*b - 50. What is the tens digit of (((-300)/16)/q)/(1/(-88))?
1
What is the thousands digit of ((-1 - 0) + 3)/((-356)/(-698294))?
3
Let i(o) = -o**3 + 11*o**2 - 14*o + 8. Let n be i(9). Suppose -2*b + 148 = -n. What is the units digit of b?
6
Let b(l) = -l**2. Let n(h) = 49*h**2 + 3*h - 1. Let j(x) = 4*b(x) + n(x). What is the units digit of j(-2)?
3
Let t = 1803 + -154. What is the tens digit of t?
4
Let n = 560 + -367. What is the units digit of n?
3
Let p be (-2)/(3 - 5) - -2. Let k be -1 - -2 - p/(-3). Suppose -2*y - k*i + 48 = 0, -3*y = -i + 16 - 80. What is the tens digit of y?
2
Let v = 19 - 10. Suppose -v*g + 124 = -5*g. Let i = 27 + g. What is the units digit of i?
8
Let h(b) = -83*b - 487. What is the hundreds digit of h(-16)?
8
Let p(k) = 227*k**2 - 5*k - 20. What is the tens digit of p(-2)?
9
Let w = 2938 - 1262. Suppose -w = 4*r - 512. What is the units digit of r/(-27) - 4/(-18)?
1
Let d(v) = v**3 - 5*v + 4. Let s be d(3). Let a(i) = i**2 + 25*i + 66. Let j be a(-22). Suppose j = q - 3 - s. What is the units digit of q?
9
Let p = -437 - -937. What is the tens digit of p?
0
Suppose 96024 - 251244 = -52*r. What is the tens digit of r?
8
Suppose 3*l + 17 - 1 = 4*c, 8 = -4*l + 2*c. Suppose l = 3*f - 4*h - 201, 2*h = -4*f - 25 + 271. What is the units digit of f?
3
Let k(c) = c**3 + 6*c**2 - 13*c + 1. Let v be k(-6). Let w = v + -50. What is the tens digit of w?
2
Let m = 12 + -16. Let l be ((-64)/m)/(1 - -1). What is the tens digit of 242/l + (-1)/4?
3
Let g = 532 + -312. What is the hundreds digit of g?
2
Let s be 28/35 + 1/5. What is the units digit of s + -4 + 7 + 0?
4
Let q(d) = d**3 + 37*d**2 - d + 210. What is the thousands digit of q(-36)?
1
Let h = -195 - -227. What is the units digit of h?
2
Let u(b) = b + 12. Let f be u(-12). Suppose -5*a + 5*c + 150 = -f*a, -2*a + 55 = -c. What is the tens digit of (10/a)/(4/120)?
1
Let g(o) = o**3 - 10*o**2 - 11*o + 5. Let j be g(11). Let c be 3/((-5)/(20/(-6))). Let a = j + c. What is the units digit of a?
7
Let h(q) be the second derivative of q**4/12 - 2*q**3/3 + 3*q**2 - q. Suppose 3*k = 5*k + 8, -3*f + 11 = k. What is the tens digit of h(f)?
1
Suppose 0*p + 3*p = 132. Let z be (4 + -1)*(-62)/(-6). Let x = p - z. What is the tens digit of x?
1
Suppose 2*g + v = 1487, -34*v = -g - 36*v + 751. What is the units digit of g?
1
Let s = 1281 + -720. What is the units digit of s?
1
What is the units digit of 383 + -35 + (3 - 1)?
0
Suppose 5*s - 10 - 15 = 0. Suppose -4*p + 8 = -5*n, -p = -s*n + 11 + 2. What is the units digit of p?
7
Suppose -5*l = -i + 63, -5*i = -3*i + 3*l - 100. What is the tens digit of i?
5
Suppose 5*a = -2*k + 195, -a + 2*a - 430 = -5*k. Suppose 0 = -5*g + 50 + k. What is the units digit of g?
7
What is the tens digit of 1076/(((-9)/(-6) - 2)*-2)?
7
Suppose 6 = 9*x + 42. What is the units digit of 0 - (0 + (-96 - (x + 1)))?
3
Let z(h) = -303*h + 83. What is the tens digit of z(-3)?
9
What is the hundreds digit of (-4)/(-42) - 138336/(-126)?
0
Let c be 0*((-6)/4 + 2). Suppose c - 7 = y. What is the tens digit of (55 - 1) + (y - -6)?
5
Suppose j + 5*b - 1130 = 0, -4*j - b + 3397 + 1066 = 0. What is the hundreds digit of j?
1
Let r = 1104 + -1071. What is the units digit of r?
3
Suppose 6*z = 3*z + 6. Suppose -46 = -0*c - 4*c + z*s, 3*c = 2*s + 36. What is the tens digit of c?
1
Let n(l) = -4*l - 1. Let m be n(-1). Suppose -i + 33 - 2 = 0. What is the tens digit of m/6*i*2?
3
Suppose -827 = -3*j - 4*p, -p = 2*j - j - 274. Suppose 5*d - 1589 = -j. What is the tens digit of d?
6
Suppose -306 = -919*a + 916*a. What is the hundreds digit of a?
1
Let w(s) = s**3 + 16*s**2 - 3*s + 1. Suppose 0 = -3*b - 0*b - 48. What is the units digit of w(b)?
9
Let s(y) = -461*y - 806. What is the thousands digit of s(-6)?
1
Let q be (250 + 5)*15/9. Suppose -507 = -2*z + 5*l - 70, l + q = 2*z. Let a = -150 + z. What is the units digit of a?
1
Let i = 66 + -63. Suppose -3*v + 523 = -i*y + 16, -2*v + 332 = -5*y. What is the tens digit of v?
7
Suppose 4*o + 4 = -g, 0 = -2*g - 0*g - 8. Suppose 7*f - 5*f + 2 = o.